2. What is u(31)?
-50
Let t(d) = -d**3 + 25*d**2 + 113*d + 141. Calculate t(29).
54
Let r(h) = 509*h - 356. Give r(2).
662
Let f(t) = -t**3 + 24*t**2 - 24*t - 17. Calculate f(23).
-40
Let z(i) = 124*i**3 - 3*i**2 - 19*i - 17. Determine z(-1).
-125
Let h(p) = -252*p - 1753. Determine h(-7).
11
Let m(c) = -97*c - 1124. What is m(-11)?
-57
Let i(h) = -6*h**3 + 19*h**2 + 11*h - 29. Give i(3).
13
Let c(m) = 63*m + 3367. Give c(-53).
28
Let u(q) = -17*q - 91. What is u(9)?
-244
Let i(k) = -559*k - 17331. Determine i(-31).
-2
Let h(j) = -36*j + 389. Determine h(6).
173
Let d(l) = -l**3 + 60*l**2 - 706*l - 29. Give d(16).
-61
Let r(t) = 161*t**2 - 2257*t + 33. What is r(14)?
-9
Let a(r) = -r**2 - 87*r - 1205. Give a(-17).
-15
Let u(b) = -b**2 - 51*b - 629. Calculate u(-16).
-69
Let v(k) = 17*k**2 - 97*k + 30. Determine v(5).
-30
Let r(q) = 18*q**2 + 29. Give r(-5).
479
Let c(i) = -i**3 + 71*i**2 + 223*i - 72. Give c(74).
2
Let b(g) = g**3 + 8*g**2 - 21*g - 9. Determine b(-10).
1
Let u(j) = -j**2 + 41*j - 197. Calculate u(23).
217
Let a(g) = -97*g + 50. Determine a(1).
-47
Let k(z) = 2*z**2 - 182*z + 2633. Give k(18).
5
Let a(t) = 4*t**2 + 150*t + 1249. Give a(-25).
-1
Let z(o) = -2*o**3 + 72*o**2 + 58*o - 183. Give z(37).
-775
Let t(q) = -87*q**2 - 682*q + 2. Determine t(-8).
-110
Let p(l) = -l**3 - 64*l**2 - 81*l - 1166. Give p(-63).
-32
Let p(a) = 3*a**3 - 45*a**2 - 64*a + 290. Calculate p(16).
34
Let k(h) = -2*h**3 - 24*h**2 - 20*h + 34. What is k(-13)?
632
Let n(c) = 37*c - 251. What is n(7)?
8
Let o(k) = 17*k - 870. What is o(51)?
-3
Let n(g) = -28*g + 2417. Determine n(86).
9
Let j(h) = 2*h**2 - 391*h + 34. Give j(0).
34
Let n(z) = 128*z**2 + 11*z + 1. What is n(-1)?
118
Let a(t) = -2*t**2 - 15*t - 64. What is a(-3)?
-37
Let j(w) = -11*w**2 + 741*w - 7. Calculate j(67).
261
Let t(a) = -a**3 + 20*a**2 + 22*a - 34. Calculate t(21).
-13
Let z(p) = 42*p - 5687. Determine z(135).
-17
Let i(k) = -k**3 - 65*k**2 + 2*k + 183. What is i(-65)?
53
Let r(g) = g**3 + 2*g**2 - 10*g + 19. Give r(5).
144
Let u(y) = -2*y**2 + 241*y + 5600. What is u(-20)?
-20
Let f(l) = 114*l + 564. Calculate f(-5).
-6
Let w(d) = -2*d**2 - 43*d + 2403. What is w(-47)?
6
Let u(w) = -1631*w - 6529. Determine u(-4).
-5
Let z(d) = d**2 + 227*d + 1488. Determine z(-7).
-52
Let y(x) = -319*x - 2942. Give y(-9).
-71
Let v(a) = -a**2 - 8175*a + 16351. Give v(2).
-3
Let v(g) = 16*g. What is v(-3)?
-48
Let z(g) = g**3 - 18*g**2 + 70*g - 67. Calculate z(13).
-2
Let o(x) = 377*x + 6407. Calculate o(-17).
-2
Let t(a) = -10*a**2 + 3*a - 4. What is t(-5)?
-269
Let w(v) = -1139*v + 6794. What is w(6)?
-40
Let m(p) = -36833*p + 147337. Give m(4).
5
Let v(t) = -13*t**2 - 2304*t - 527. What is v(-177)?
4
Let n(b) = b**2 - 52*b + 146. Determine n(39).
-361
Let k(w) = -190*w + 128. What is k(2)?
-252
Let r(o) = -16*o + 125. What is r(6)?
29
Let d(v) = 6*v + 187. Give d(-36).
-29
Let m(q) = 2*q**3 + 30*q**2 - 8*q - 43. Give m(-15).
77
Let y(p) = -76*p - 1020. What is y(-13)?
-32
Let p(g) = -2*g**2 - 53*g - 286. Calculate p(-19).
-1
Let b(c) = -17*c - 1. Calculate b(-2).
33
Let i(j) = -221*j - 3724. Calculate i(-17).
33
Let r(d) = -d**2 + 89*d - 577. What is r(7)?
-3
Let g(t) = -4*t + 5. What is g(4)?
-11
Let m(o) = -6*o**2 - 132*o - 263. What is m(-2)?
-23
Let g(p) = 313*p**2 + 4699*p + 79. What is g(-15)?
19
Let l(i) = 15*i - 477. Calculate l(32).
3
Let b(p) = 11*p**2 - 1585*p + 121. What is b(144)?
-23
Let g(q) = q + 94. Give g(-80).
14
Let f(g) = 124*g - 2276. Give f(16).
-292
Let y(d) = 49*d + 649. Give y(-13).
12
Let y(g) = -g**2 - 2*g + 176. Determine y(-14).
8
Let b(d) = 76*d**2 + 421*d + 421. Determine b(-1).
76
Let b(l) = -91*l - 2024. Determine b(-22).
-22
Let m(b) = b**2 + 82*b - 1019. Calculate m(11).
4
Let g(q) = -q**3 + 84*q**2 - 96*q + 385. Give g(83).
-694
Let m(r) = 2*r**3 - 3*r**2 - 16*r + 18. What is m(5)?
113
Let o(s) = -4782*s - 38256. Calculate o(-8).
0
Let u(k) = -k**3 + 128*k**2 + 341*k - 59440. Calculate u(127).
-4
Let u(a) = -4*a**2 + 6*a + 2. Give u(7).
-152
Let n(w) = 2*w**3 - 115*w**2 + 70*w + 134. What is n(57)?
875
Let d(u) = -u**3 + 15*u**2 + 37*u - 56. Determine d(18).
-362
Let d(t) = -2*t**2 + 55*t - 393. What is d(15)?
-18
Let v(k) = -2*k**3 - 27*k**2 - 8*k - 54. What is v(-12)?
-390
Let s(l) = -106*l - 8367. Calculate s(-80).
113
Let j(a) = 68*a**2 - 5*a + 1. Determine j(2).
263
Let j(h) = 2*h**2 - 18*h - 101. Calculate j(12).
-29
Let p(o) = -548*o**3 - 3*o**2 - 5*o - 2. Give p(-1).
548
Let x(c) = c**2 + 30*c - 53. Calculate x(-23).
-214
Let j(i) = 74*i - 37. Give j(-4).
-333
Let m(i) = -2*i**2 - 1468*i + 8873. What is m(6)?
-7
Let t(j) = -5*j**2 + 108*j - 552. What is t(13)?
7
Let o(d) = d**3 - 15*d**2 + 26*d + 31. Calculate o(11).
-167
Let u(b) = -21*b**3 + b**2 + 5*b - 8. What is u(2)?
-162
Let j(n) = n**3 - 16*n**2 - 19*n + 124. What is j(7)?
-450
Let s(d) = -61*d**3 + 19*d**2 + 35*d - 2. Calculate s(-2).
492
Let m(s) = 9*s**3 - 43*s**2 - 56*s + 226. Give m(5).
-4
Let j(s) = -74*s - 900. Calculate j(-6).
-456
Let y(l) = -21*l - 159. Calculate y(-14).
135
Let o(w) = 11*w - 568. Give o(43).
-95
Let o(n) = n**2 - 203*n - 836. What is o(-4)?
-8
Let f(u) = 2*u**3 + 70*u**2 - 77*u - 120. What is f(-36)?
60
Let o(t) = t - 64. What is o(6)?
-58
Let c(d) = 556*d**3 - 5*d**2 + 7*d + 11. Determine c(-1).
-557
Let z(d) = 169*d + 870. Give z(-6).
-144
Let l(v) = -31*v - 4. Give l(-8).
244
Let x(b) = 32*b - 38. What is x(-18)?
-614
Let l(g) = -3*g**3 - 221*g**2 - 143*g + 225. What is l(-73)?
6
Let y(i) = 2*i**2 + 32*i + 22. Determine y(-12).
-74
Let h(p) = 6*p**3 + 27*p**2 - 80*p + 51. Give h(1).
4
Let t(c) = -c**2 - 20*c - 269. Calculate t(-15).
-194
Let v(q) = -23*q - 313. What is v(-15)?
32
Let x(m) = -70*m + 1190. What is x(17)?
0
Let m(f) = 1095*f + 33950. Give m(-31).
5
Let c(u) = 8*u**3 + 197*u**2 + 299*u + 2. Give c(-23).
2
Let y(f) = -2*f**2 + 3*f + 128. What is y(6)?
74
Let i(r) = 88*r + 952. Calculate i(-11).
-16
Let i(m) = 4*m**3 + 379*m**2 - 99*m - 355. Give i(-95).
25
Let k(g) = 4*g + 43. Determine k(3).
55
Let p(w) = -30*w - 855. Calculate p(-32).
105
Let w(r) = -32*r + 3414. What is w(106)?
22
Let b(x) = 4*x**3 + 38*x**2 - 37*x - 180. What is b(-10)?
-10
Let r(k) = -k**3 - 5*k**2 + 3*k - 3. Determine r(2).
-25
Let w(b) = -69*b - 219. Calculate w(-3).
-12
Let z(r) = r**3 + 22*r**2 + 21*r + 14. What is z(-21)?
14
Let x(j) = 2187*j - 6564. Give x(3).
-3
Let w(f) = -2*f**3 + 315*f**2 + 153*f + 797. Calculate w(158).
7
Let t(z) = -54*z + 608. Determine t(11).
14
Let d(h) = -781*h - 42957. Calculate d(-55).
-2
Let g(r) = 381*r - 21343. Give g(56).
-7
Let j(n) = -n**2 + 168*n + 1393. Calculate j(-8).
-15
Let x(m) = -2*m**2 - 30*m + 297. Give x(-22).
-11
Let m(u) = -38*u + 9313. What is m(245)?
3
Let n(d) = -d**2 - 8*d + 229. Calculate n(-26).
-239
Let y(a) = -a**3 - 3*a**2 - 47*a + 13. What is y(0)?
13
Let u(r) = r**3 + 6*r**2 + 36*r + 200. Determine u(-6).
-16
Let v(z) = -943*z + 14114. Determine v(15).
-31
Let j(d) = d**2 + 38*d - 6. What is j(-40)?
74
Let x(h) = -h**3 + 35*h**2 - 126*h + 52. Determine x(31).
-10
Let l(s) = -s**2 + 122*s + 4621. Calculate l(152).
61
Let g(o) = -5*o**3 + 145*o**2 - 152*o + 333. Calculate g(28).
-3
Let s(v) = -447*v + 929. Calculate s(2).
35
Let p(c) = c**3 - 16*c**2 + c - 308. Determine p(17).
-2
Let j(t) = t**2 - 40*t - 242. Give j(45).
-17
Let w(d) = -3*d**3 + 93*d**2 - 52*d - 1136. Determine w(30).
4
Let n(y) = y**2 + 75*y - 30. What is n(-75)?
-30
Let l(d) = d**3 + 52*d**2 + 255*d - 45. Determine l(-6).
81
Let c(j) = 167*j + 139. What is c(-1)?
-28
Let w(j) = -33*j**3 - 2*j**2 - 27*j - 54. What is w(-2)?
256
Let g(u) = -6*u + 53. What is g(-16)?
149
Let k(u) = -326*u - 327. Determine k(-1).
-1
Let o(q) = q**3 - 42*q**2 + 37*q + 149. What is o(41)?
-15
Let g(y) = -40*y - 1089. Determine g(-28).
31
Let z(r) = r**3 - 18*r**2 - 20*r + 79. What is z(18)?
-281
Let l(k) = -k**2 - 47*k + 124. Give l(-50).
-26
Let t(v) = v**3 - 17*v**2 - 2*v - 10. Calculate t(17).
-44
Let n(o) = 290*o - 10721. What is n(37)?
9
Let o(j) = -18*j**2 - 2633*j - 2633. Determine o(-1).
-18
Let u(t) = -1391*t + 5557. What is u(4)?
-7
Let j(b) = -b**3 + 31*b**2 + 40*b + 875. Give j(33).
17
Let b(c) = -c**3 + 28*c**2 + 167*c - 1254. What is b(32)?
-6
Let h(